{"id":12,"date":"2015-10-24T14:46:03","date_gmt":"2015-10-24T12:46:03","guid":{"rendered":"http:\/\/www.henkotex.cz\/?page_id=12"},"modified":"2015-11-17T16:18:50","modified_gmt":"2015-11-17T15:18:50","slug":"nabidka","status":"publish","type":"page","link":"https:\/\/www.henkotex.cz\/?page_id=12","title":{"rendered":"Nab\u00eddka"},"content":{"rendered":"<h2>Portfolio produkt\u016f<\/h2>\n<p>Textiln\u00ed pomocn\u00e9 p\u0159\u00edpravky (viz. <a href=\"http:\/\/www.pulcra-chemicals.com\/en\/home\/\" target=\"_blank\">Portfolio spole\u010dnosti PULCRA<\/a>)<\/p>\n<p>\u25ab\u00a0 Na vl\u00e1kna a p\u0159\u00edzi \u00a0\u00a0 \u00a0\u25ab \u00a0Pro p\u0159ed\u00fapravu\u00a0\u00a0\u00a0\u25ab \u00a0Pro barven\u00ed<\/p>\n<p>\u25ab \u00a0Na \u0161lichtov\u00e1n\u00ed\u00a0\u00a0\u00a0\u00a0\u00a0\u00a0\u00a0 \u00a0\u00a0\u25ab\u00a0\u00a0Pro tisky\u00a0\u00a0\u00a0\u00a0\u00a0\u00a0\u00a0\u00a0\u00a0\u00a0\u00a0\u00a0\u00a0\u00a0\u00a0\u00a0\u25ab\u00a0 Pro fin\u00e1ln\u00ed \u00fapravy, z\u00e1t\u011bry<\/p>\n<h2>Poradenstv\u00ed<\/h2>\n<p>Na z\u00e1klad\u011b mnohalet\u00e9 praxe a zku\u0161enost\u00ed v textiln\u00edm pr\u016fmyslu poskytujeme na\u0161im z\u00e1kazn\u00edk\u016fm poradenstv\u00ed\u00a0v oblasti textiln\u00edch pomocn\u00fdch p\u0159\u00edpravk\u016f. Nab\u00edz\u00edme mo\u017enost vzorkov\u00e1n\u00ed, anal\u00fdz a testov\u00e1n\u00ed v laborato\u0159\u00edch na\u0161\u00ed partnersk\u00e9 spole\u010dnosti PULCRA Chemicals.<\/p>\n<h2>Logistika a skladov\u00e1n\u00ed<\/h2>\n<p>Skladov\u00e1n\u00ed a distribuce produkt\u016f je zaji\u0161t\u011bna na\u0161\u00ed partnerskou firmou se s\u00eddlem v \u010cesk\u00e9 Skalici.<\/p>\n<p>&nbsp;<\/p>\n","protected":false},"excerpt":{"rendered":"<p>Portfolio produkt\u016f Textiln\u00ed pomocn\u00e9 p\u0159\u00edpravky (viz. Portfolio spole\u010dnosti PULCRA) \u25ab\u00a0 Na vl\u00e1kna a p\u0159\u00edzi \u00a0\u00a0 \u00a0\u25ab \u00a0Pro p\u0159ed\u00fapravu\u00a0\u00a0\u00a0\u25ab \u00a0Pro barven\u00ed \u25ab \u00a0Na \u0161lichtov\u00e1n\u00ed\u00a0\u00a0\u00a0\u00a0\u00a0\u00a0\u00a0 \u00a0\u00a0\u25ab\u00a0\u00a0Pro tisky\u00a0\u00a0\u00a0\u00a0\u00a0\u00a0\u00a0\u00a0\u00a0\u00a0\u00a0\u00a0\u00a0\u00a0\u00a0\u00a0\u25ab\u00a0 Pro fin\u00e1ln\u00ed \u00fapravy, z\u00e1t\u011bry Poradenstv\u00ed Na z\u00e1klad\u011b mnohalet\u00e9 praxe a zku\u0161enost\u00ed v textiln\u00edm pr\u016fmyslu poskytujeme na\u0161im z\u00e1kazn\u00edk\u016fm poradenstv\u00ed\u00a0v oblasti textiln\u00edch pomocn\u00fdch p\u0159\u00edpravk\u016f. Nab\u00edz\u00edme mo\u017enost vzorkov\u00e1n\u00ed, anal\u00fdz a testov\u00e1n\u00ed v laborato\u0159\u00edch &hellip; <a href=\"https:\/\/www.henkotex.cz\/?page_id=12\" class=\"more-link\">Pokra\u010dov\u00e1n\u00ed textu <span class=\"screen-reader-text\">Nab\u00eddka<\/span> <span class=\"meta-nav\">&rarr;<\/span><\/a><\/p>\n","protected":false},"author":1,"featured_media":0,"parent":0,"menu_order":0,"comment_status":"closed","ping_status":"closed","template":"","meta":{"footnotes":""},"class_list":["post-12","page","type-page","status-publish","hentry"],"_links":{"self":[{"href":"https:\/\/www.henkotex.cz\/index.php?rest_route=\/wp\/v2\/pages\/12"}],"collection":[{"href":"https:\/\/www.henkotex.cz\/index.php?rest_route=\/wp\/v2\/pages"}],"about":[{"href":"https:\/\/www.henkotex.cz\/index.php?rest_route=\/wp\/v2\/types\/page"}],"author":[{"embeddable":true,"href":"https:\/\/www.henkotex.cz\/index.php?rest_route=\/wp\/v2\/users\/1"}],"replies":[{"embeddable":true,"href":"https:\/\/www.henkotex.cz\/index.php?rest_route=%2Fwp%2Fv2%2Fcomments&post=12"}],"version-history":[{"count":5,"href":"https:\/\/www.henkotex.cz\/index.php?rest_route=\/wp\/v2\/pages\/12\/revisions"}],"predecessor-version":[{"id":60,"href":"https:\/\/www.henkotex.cz\/index.php?rest_route=\/wp\/v2\/pages\/12\/revisions\/60"}],"wp:attachment":[{"href":"https:\/\/www.henkotex.cz\/index.php?rest_route=%2Fwp%2Fv2%2Fmedia&parent=12"}],"curies":[{"name":"wp","href":"https:\/\/api.w.org\/{rel}","templated":true}]}}